t is the greatest common factor of 14 and a?
14
Suppose -2*w + 4*b = -230, 3*w - 5*b = 591 - 251. What is the greatest common divisor of w and 42?
21
Suppose -3*y = -0*y + 9, 2*o - 421 = -3*y. Calculate the highest common divisor of 86 and o.
43
Suppose -106 = -5*g - p, -4*g + 85 = 2*p - p. What is the highest common factor of g and 7?
7
Let a(t) = 24*t**2 - 2*t - 2. Let h be a(-1). Calculate the highest common divisor of 8 and h.
8
Let a(v) = -2*v. Let u be a(-6). Let h(q) = q + 15 + 4*q - 1 - 9. Let l be h(5). What is the greatest common factor of l and u?
6
Suppose 36 - 102 = -2*g. Suppose -2*z = -q + 9, -6 = -6*q + 3*q - z. Calculate the highest common factor of q and g.
3
Let u be (-4)/(-10)*(5 - 0). Suppose 0 = 4*a - 2*i - 2, 8 = -u*a + 4*i - 0. Suppose a*k = 41 - 1. What is the highest common divisor of 4 and k?
4
Let r(k) = 5*k**3 - 2*k**2 + k - 2. Let h be r(2). Let c be 0 - (-3 + 1 + -2). What is the greatest common divisor of c and h?
4
Suppose 0 = -x + 5*t + 25, 4 = 4*x - t - 20. Suppose x*o + 5*f = 75, 0 = -o - 3*f - 2*f - 5. Calculate the greatest common divisor of 5 and o.
5
Suppose 3*j - 12 - 3 = 0. Let b = -623 + 625. Calculate the highest common divisor of b and j.
1
Let o(l) = l**2 - l + 2. Suppose 5*k - 11 = 24. Suppose k*i - 3*i - 12 = 0. Let z be o(i). What is the greatest common factor of 72 and z?
8
Let q(j) = j**2 + 7*j + 6. Let f be q(-7). Let u be f/(-4)*(0 - -2). Let s be 868/6 - (-2)/u. Calculate the highest common factor of s and 16.
16
Suppose -2*q + 34 = 10. Let x = -32 + 38. Calculate the greatest common factor of x and q.
6
Let o = 865 + -613. Calculate the greatest common divisor of o and 28.
28
Suppose -19*z = -2333 - 2075. What is the greatest common factor of 29 and z?
29
Suppose 121 = -5*w + u, -4 + 2 = -2*u. Let t = w - 3. Let v be 6/t + (-74)/(-9). Calculate the highest common divisor of v and 16.
8
Let n(x) = -2 + 3 + 0 - x. Suppose b - 10 = 2*h, 4*h + 4*b + 4 = -4. Let q be n(h). Calculate the greatest common divisor of q and 35.
5
Let r(d) = d**3 + 4*d**2 + 6. Let s(f) = f**3 + f**2 + f + 1. Let z(i) = -r(i) + 2*s(i). Let m be z(4). Calculate the greatest common divisor of 9 and m.
9
Let n(f) = -19*f**2 - f. Let y be n(1). Suppose 0 = -3*k + 2*w - 32 - 50, 0 = -5*k - 4*w - 166. Let c = y - k. Calculate the highest common divisor of 80 and c.
10
Let u(v) = v**2 + v - 1. Let y be u(2). Let m(c) = -29*c + 3. Let x be m(-6). Suppose -y*j = -x - 63. Calculate the greatest common factor of j and 12.
12
Let y = -2 + 5. Calculate the highest common divisor of y and 3.
3
Let d be (1 + (-11)/5)/((-5)/250). Calculate the greatest common factor of d and 24.
12
Suppose 10*n = 13*n - 33. Calculate the highest common divisor of n and 77.
11
Suppose 0 = 2*n + 2 - 46. What is the greatest common factor of 55 and n?
11
Let r(f) = -3*f**2 - 2*f. Let n be r(3). Let p be n/(-4) + 18/24. What is the greatest common divisor of 81 and p?
9
Let q(s) = -16*s - 20. Let c be q(-10). What is the highest common factor of c and 28?
28
Let j(q) = 2*q - 2*q**3 - q**3 - 5 - 4*q**2 + 2*q**3. Let t be j(-5). What is the highest common factor of t and 20?
10
Let c = 22 + -7. What is the greatest common divisor of c and 15?
15
Suppose -2*b + 15 - 3 = 0. Suppose b = -3*w + 5*q + 25, w - 5*q = 13. Let x be 1/(w/(-20))*-3. What is the highest common factor of 30 and x?
10
Let d = -122 - -142. Let t = 3 + 17. What is the highest common factor of t and d?
20
Suppose 15 = 6*w - w. Suppose -5*a = -4*r + 13, w*a = a - 2. Suppose -8 = -r*p + 10. Calculate the highest common divisor of p and 3.
3
Let f = 9 + 36. What is the greatest common divisor of 60 and f?
15
Suppose 18*q = 13*q + 50. What is the highest common factor of 15 and q?
5
Suppose -w + 4*w - 33 = 3*b, 62 = 4*w + 2*b. Calculate the greatest common divisor of w and 154.
14
Let t(b) = b + 7. Let k be t(-8). Let u be (5/(-10))/(k/212). Suppose -4*s = -i + 3*i - u, 5*s + 5*i - 130 = 0. What is the greatest common factor of 9 and s?
9
Let j(d) = 7*d**3 - 2*d**2 + 2*d. Let a be j(1). Calculate the greatest common divisor of a and 7.
7
Let f be ((-2)/6)/(2/(-12)). Suppose 18 - 50 = -f*r + 4*h, -5*r = 5*h - 5. Suppose 47 = 3*z - 7. What is the highest common divisor of r and z?
6
Let a(k) = -2*k - 10. Let v be a(13). Let b be ((-1)/(-2))/((-3)/v). Calculate the highest common divisor of 48 and b.
6
Suppose -9*i + 88 = -7*i. Calculate the highest common factor of 11 and i.
11
Let v be 2/1 + (-4)/(-2). Let n be 2/(-4) - 2/v. Let x be 2*2 + n + -1. What is the greatest common factor of x and 4?
2
Let c(k) = -k**3 + 4*k**2 + 8*k - 7. Let s be c(5). Suppose 0 = 3*b - s*b + 15. Suppose 0 = b*a - 5 - 4. What is the highest common factor of a and 21?
3
Suppose 4*r - 16 = -m - 2, 3*m + 2*r - 32 = 0. Calculate the greatest common divisor of 5 and m.
5
Suppose 5*a = 8*a - 30. What is the highest common divisor of a and 40?
10
Let w be 14 - (2 + -2 - -2). Let f = 64 + -10. Suppose -r = -150 + f. What is the greatest common divisor of w and r?
12
Let p = 16 - 36. Let o = 14 - p. What is the highest common factor of 85 and o?
17
Let t(i) = 17*i + 1. Let q be t(1). Suppose 7*d = 4*d + 15. Suppose -4*o = -3*o - 4*m - 29, -d*o = -3*m - 60. Calculate the greatest common divisor of q and o.
9
Let m = -1 + 4. Calculate the greatest common divisor of m and 18.
3
Let s be (-80)/(-15)*(-51)/(-4). Let r = s + -45. Calculate the greatest common divisor of r and 23.
23
Suppose o - 4*o = -27. Let q = 13 + -8. Suppose 5*w - 24 = 2*s, w + q*s - 39 = -3*w. What is the highest common divisor of o and w?
3
Suppose -20 = -4*t + 4. What is the highest common divisor of t and 9?
3
Let h(c) = -c**2 + 8*c + 6. Let i be h(6). Calculate the greatest common factor of i and 18.
18
Let t be ((-12)/(-18))/((-1)/(-237)). Let q = t - 92. Let y = q - 44. What is the highest common divisor of 11 and y?
11
Let w = -4 + 289. Calculate the highest common divisor of w and 15.
15
Let c(q) = 42*q - 30*q + 6 - 5*q**2 + q**3 - 5*q**2. Let d be c(9). Calculate the highest common factor of 11 and d.
11
Suppose 0*n = -3*n + 3. What is the greatest common factor of n and 1?
1
Let h = -13 - 1. Let u = 0 - h. Let v = u + 0. What is the highest common divisor of 154 and v?
14
Let v be 60/(-6)*(-9)/3. What is the greatest common factor of v and 60?
30
Suppose o + 2*o = -2*k - 6, 0 = 4*o + 16. Suppose 42 = -0*b + k*b. Calculate the highest common factor of b and 56.
14
Let i be ((108/15)/(-1))/(9/(-150)). What is the highest common factor of 24 and i?
24
Suppose -3*f - 5*k = f - 33, -k = -2*f + 13. Calculate the highest common factor of f and 7.
7
Suppose 0 = -4*x + 3*n - 19, 0 = 4*x + 2*n - 6. Let f = 1 + -3. Let a be -1*(x - 4 - f). Calculate the greatest common divisor of a and 2.
1
Let a = -6 + 14. Let b be 3/(-15) - 122/(-10). Calculate the highest common divisor of a and b.
4
Suppose -5*i = 2*h + 5, 0*h - 3*h + 2*i + 2 = 0. Suppose 6*u - 3*u - 39 = h. Suppose -14 = -3*k + 103. What is the greatest common factor of k and u?
13
Let i be 59 - (4/(-2) - -1). Let d = 55 - 43. What is the greatest common factor of i and d?
12
Let o(f) = -f**3 + 23*f**2 + 25*f - 12. Let q be o(24). What is the highest common factor of 24 and q?
12
Let q = -2 + -4. Let c(y) = -y**3 - 5*y**2 + 3*y - 3. Let h be c(q). Suppose -2*k + 4*k - 330 = 0. What is the greatest common divisor of k and h?
15
Let h be (26/10 + -3)*-90. Suppose 0*p - 4*p + h = 2*v, 18 = 2*p - 4*v. Calculate the greatest common factor of 1 and p.
1
Suppose 0 = -z + 2*z. Let y(b) = b**3 + b + 55. Let n be y(z). What is the highest common divisor of 22 and n?
11
Let j be 6/(-12) + 50/4. Suppose 3*y = -3*z + 12 + 21, 21 = 3*z - y. Calculate the greatest common factor of z and j.
4
Suppose 7*z + 1 = 8. What is the greatest common divisor of z and 9?
1
Suppose 3*p + 3*p - 750 = 0. What is the highest common divisor of p and 25?
25
Let v(b) = -5*b**2 + 2*b. Let r be v(2). Let o be r*((3 - 2) + -2). Let f be 8/12 + (-44)/(-6). Calculate the greatest common factor of o and f.
8
Let c(k) = -2*k**3 + 2*k**2 - 3*k - 3. Let y be c(-2). Suppose 5*d - 10 = -0*d, -166 = -3*q - 2*d. What is the greatest common divisor of y and q?
27
Suppose -4*v + 2*v + 19 = -5*f, -3*v = -4*f - 11. Let w be (-4)/(-5)*f/(-2). Suppose 